 c(d)?
4
Suppose 2261 = 8*h - h. What is the units digit of h?
3
Suppose -4*h + 0*h = 3*m - 13, -2*h + 4 = 4*m. Let y(k) = -k**3 - 75*k**2 - 9*k**3 + 77*k**2 + k. What is the tens digit of y(m)?
1
Suppose -7*f - 455 = 700. Let a = -103 - f. What is the tens digit of a?
6
Suppose -2*r + 89 = i - 78, r - 2*i - 81 = 0. What is the tens digit of r?
8
Suppose 5*k + 3*x - 2160 = 0, -4*k - 5*x = -0*k - 1728. Let f = 610 - k. What is the tens digit of f?
7
Let a be 20*(4/10 - 8/10). What is the tens digit of (-25)/(6/a + 5/(-20))?
2
Let g = 20 + -17. Let m = g - -18. Suppose 0 = -s + m - 3. What is the tens digit of s?
1
Suppose -1396 = -2*m - 3*o + 645, 2*m + 5*o - 2043 = 0. What is the hundreds digit of m?
0
Let x = -4299 + 6399. What is the hundreds digit of x?
1
Suppose -5*j + 2*u = -3282, -4*j - 4*u - 52 + 2700 = 0. What is the tens digit of j?
5
Suppose 0 = -2*t + s + 83, -3*t - 3*s = -16 - 104. What is the tens digit of t?
4
Let o = -327 - -988. What is the hundreds digit of o?
6
Suppose 0 = 15*n - 20992 + 4057. What is the tens digit of n?
2
Suppose -4 = 8*d - 9*d. Suppose 6*p - d*i = p + 879, -5*p + i + 876 = 0. What is the tens digit of p?
7
Suppose g = -4*d - 4*g + 499, 602 = 5*d - g. Let s = -17 + d. Suppose 0*h = -4*x + h + s, 0 = 4*x + h - 96. What is the units digit of x?
5
Let l = -1 - -8. Let p(u) = 3*u**3 - 46*u**2 + 39*u - 54. Let d(y) = 2*y**3 - 31*y**2 + 26*y - 36. Let j(c) = l*d(c) - 5*p(c). What is the units digit of j(12)?
6
Let u(o) be the first derivative of -o**4/4 + o**3 + 3*o**2 - 3*o - 7. Let p be u(4). Suppose 2*b = -q + 30, 66 = p*b - q - q. What is the units digit of b?
4
Suppose 0*z + 3*z = -3*r + 87, 4*r = 5*z + 161. Suppose r*g - 37*g = -780. What is the units digit of g?
0
Let p be (-5)/2 + 1/(-2). Let i be (12/14)/(p/(-14)). Suppose 0*r - y = i*r - 83, r - 23 = 2*y. What is the units digit of r?
1
What is the hundreds digit of (-104)/12*975/(-10)?
8
Let y(c) = -c**3 + 3*c**2 - 4*c + 5. Let m be y(4). Suppose 2*j + 17 = -5*t, 5*j + 5*t + 96 = 16. Let g = j - m. What is the units digit of g?
6
Let j(p) = p**3 - 9*p**2 - 12*p + 6. Let k be j(10). Let v(n) = n**3 + 14*n**2 - 2*n - 13. What is the tens digit of v(k)?
1
Let y be (6/9)/((-8)/(-1044)). Let d = -29 + y. What is the units digit of d?
8
Suppose 0 = q + 2*c - 203 - 235, 5*q = 3*c + 2138. What is the hundreds digit of q?
4
Let a(c) = c**2 + 44*c + 118. What is the units digit of a(23)?
9
Let t be (3/1)/((-9)/(-6)). Suppose -5*s + g + 14 = 0, 5*g + t = 3*s - 2. Suppose 3 = 2*c - s. What is the units digit of c?
3
Suppose 3*n - 672 = -3*z, -4*z - n + 2*n + 901 = 0. What is the units digit of z?
5
Let b(r) = -90*r**3 - r**2 + 1. Let x be b(-1). Suppose -3*c - 122 - 143 = 4*j, -c - 3*j = x. Let n = -27 - c. What is the tens digit of n?
6
Let r(h) = h**2 + 8*h + 32. What is the tens digit of r(-20)?
7
Suppose 0 = 23*h - 55286 + 7170. What is the tens digit of h?
9
Let r be 1*-7 - (-7 + 5). Let g be (-100)/(-6)*(-12)/r. Suppose 0 = -q - 3*a + 10, -3*q + g = q + 5*a. What is the tens digit of q?
1
Let u(z) = 7*z**2 - 16*z - 2. Let d be u(5). Suppose 0 = 8*v - 619 - d. What is the units digit of v?
9
Let z = -11 - -32. Suppose 2*g = -u + 76 + 25, -4*u + 251 = 5*g. Let c = g - z. What is the tens digit of c?
3
Let y = 3601 - 2407. What is the tens digit of y?
9
Suppose 5*a = a - 5*u + 35, 0 = 4*a + 3*u - 29. Let c = a - 4. What is the units digit of c?
1
Let z = -161 - -472. Let w = -123 + z. Suppose 0*l = 4*l - w. What is the units digit of l?
7
Let l(i) = 8*i - 4. Let h = -6 + 17. Let q be l(h). Suppose v - 53 = 5*d, 2*v - q = -d - 0*d. What is the units digit of v?
3
Let l = 102 + -98. Suppose 636 = 5*j - l*p, 2*j + 129 = 3*j + p. What is the tens digit of j?
2
What is the hundreds digit of 2675/(10 + -5) + -6?
5
What is the tens digit of (-27)/12 - (-209863)/236?
8
Let x = 954 + -651. What is the tens digit of x?
0
Suppose 0 = 3*x + s + 3*s - 21, 18 = 3*x + 3*s. Suppose -2*o - 28 = -y, -x*o = y - 22 - 16. Suppose 0 = r + 3*r - y. What is the units digit of r?
8
Let y be ((-794)/(-3))/((-10)/(-15)). Suppose 69 = -4*i + y. What is the units digit of i?
2
Let z be 4/(-3)*54/(-12). What is the units digit of (-222)/4*2/(-18)*z?
7
Let j be ((-4)/(-5))/(8/40). Suppose 0 = -j*m - 12. What is the units digit of 1/(m + 49/16)?
6
Let c(q) = -13*q**2 + 2*q - 2. Let n be c(2). Let r = 70 + n. Suppose -3*z + r = -z. What is the units digit of z?
0
Suppose -4*q + 9*q = 3*d + 3, -2*q - 3*d = -18. Let m be 82/8 - (-1)/(-4). Suppose 4*u + 43 = q*x, 0*u + m = 2*u. What is the tens digit of x?
2
Suppose -7*l = 3*h - 6*l - 7964, 0 = -4*h - 2*l + 10620. What is the units digit of h?
4
Suppose -25 = -4*y - 5*k + 31, 3*y - 69 = 3*k. Let j = y + -14. Suppose -3*x + 17 + 43 = 2*i, -5*x = j*i - 105. What is the units digit of x?
8
Let u(i) = 85*i - 4. Suppose -n + 4*n - 18 = -v, 2*v - 21 = -3*n. What is the units digit of u(v)?
1
Suppose 2*m = -3*c + 276, 2*m - 3*m = -2*c + 184. Suppose 2*a - c = a + x, -450 = -5*a - 5*x. What is the units digit of a?
1
Let f(d) be the first derivative of -11*d**2 - 46*d + 4. What is the tens digit of f(-5)?
6
Let g(q) = 1474*q - q**2 - 2 - 1471*q + 105*q**2. What is the hundreds digit of g(1)?
1
Let m(q) = -q**3 - 2*q**2 + 2*q - 1. Let o be ((-8)/2)/(-6 - -7). Let p be m(o). Suppose p = z + 2*z - 4*d, -19 = -5*z - 3*d. What is the units digit of z?
5
Suppose 0 = -n + 127 + 132. Suppose -3*p + n = 4*h, h + 2*p = 2 + 64. What is the tens digit of h?
6
Suppose -w - 4*q + 403 = 0, 4*w - 2090 = -w + 5*q. What is the tens digit of w?
1
Let n(x) = 3*x**2 - 15*x - 13. Let q be n(6). Suppose -765 = -q*d - 5*h, 0 = 3*d - 5*h - 131 - 312. What is the tens digit of d?
5
Let o be (-22)/(-77) + (-12)/(-7). Suppose o*k - i = 119, 2*i = k - 4*k + 189. What is the tens digit of k?
6
Suppose -2*l - l + 15 = 3*y, 5*l - 5 = -y. Suppose -5*v + 400 = -i - 4*i, 0 = 2*v - y*i - 175. Suppose 4*k = 33 + v. What is the units digit of k?
7
What is the tens digit of (-16)/(-16) - ((-8472)/(-2))/(-2)?
1
Let w = -82 - -294. Suppose w*r - 138 = 211*r. What is the hundreds digit of r?
1
Let y(m) = -m**3 + 22*m**2 - 21*m + 37. Let u = -75 - -96. What is the tens digit of y(u)?
3
What is the units digit of (2 + (-6)/2)/((-16)/3632)?
7
Let y be (-6)/(-21) + 2/(-7). Suppose -4*d + 106 = 3*q + 2*q, 4*q + 5*d - 92 = y. Suppose -7*n = -6*n - q. What is the tens digit of n?
1
Suppose 0 = 3*w - 309 - 108. Suppose -6*z + 221 = -w. What is the tens digit of z?
6
What is the hundreds digit of (-14030)/15*(-48)/32?
4
Let n(a) = 205*a**2 - a. Let g = 6 + -5. Let s be n(g). Let r = s + -136. What is the units digit of r?
8
Suppose 5*z + 1104 = z. What is the units digit of 4/6 + z*(-4)/18?
2
Let r be -4*(-1)/(-1) - (-4 - 0). Suppose g + r*g = 103. What is the units digit of g?
3
Let s(q) = 77*q + 249. What is the units digit of s(8)?
5
Suppose 2*q = 1355 - 195. What is the units digit of q?
0
Suppose 4*b + 3*w - 1675 - 3134 = 0, b = 2*w + 1194. What is the units digit of b?
0
Suppose -2*f + 10 = h, 3*h = 2*f - 1 + 7. Let j(k) = -2*k - 2*k - 3 + 3*k + k**2 + f*k**2. What is the tens digit of j(3)?
3
Suppose 56 + 259 = 5*w. What is the units digit of 3735/w + 4/(-14)?
9
Let t(x) = -x**3 - 7*x**2 + 8*x + 6. Let h be 31/(-4) + (-3)/12. What is the units digit of t(h)?
6
Suppose -5*k - 20 = 3*r, 5*r - 6 = -3*k - 2. Let x(f) = -14*f - 14. What is the units digit of x(k)?
4
Suppose -30 = -5*n + 20. Let o = -6 + n. Suppose -5*z - o*b + 40 = 0, -z + 2*z + 2*b = 8. What is the units digit of z?
8
Suppose -3*o - 8 = -170. Let g = -37 + o. Let c = 28 - g. What is the units digit of c?
1
Let o be ((-9)/(-9))/(0 + (-2)/(-138)). Let z = 45 + -16. Let h = o - z. What is the units digit of h?
0
Suppose -230*f = -226*f - 1104. What is the units digit of f?
6
Let u(h) = 2*h**3 + h**2 - 4. Let a be u(-2). Let d = a + 20. What is the units digit of d?
4
Suppose -974 = -4*m + 4*r - 342, -4*m - 3*r = -639. What is the hundreds digit of m?
1
Suppose 0 = -155*v + 158*v - 105. Suppose 3*i - 86 = -v. What is the units digit of i?
7
Suppose -1957 = -4*k + 5*m, m - 758 - 724 = -3*k. What is the hundreds digit of k?
4
Let n = 67 + -69. What is the hundreds digit of (1 - n)/3 + 194?
1
What is the hundreds digit of ((-7)/21 - -7)